9
In base 13, what is 17 - 0?
17
In base 4, what is 1203032 + -11?
1203021
In base 15, what is 3 + -113?
-110
In base 10, what is -7 + -51?
-58
In base 14, what is 2 - -681?
683
In base 6, what is -2 - -4033?
4031
In base 3, what is -1 + 1200?
1122
In base 11, what is -461 - -3?
-459
In base 12, what is -80 + 55?
-27
In base 4, what is 0 - 1301?
-1301
In base 9, what is -13 - 2?
-15
In base 3, what is 0 - 20022?
-20022
In base 6, what is 1 + -232?
-231
In base 11, what is 1684 - 5?
167a
In base 2, what is -100110 + -100010?
-1001000
In base 11, what is -1 + 1933?
1932
In base 15, what is 3 - -194?
197
In base 4, what is 1001 - 10?
331
In base 16, what is -1163 + 3?
-1160
In base 5, what is 21404 + -3?
21401
In base 8, what is -2 + -13?
-15
In base 4, what is -22 + 2322?
2300
In base 8, what is 14225 + 2?
14227
In base 7, what is 6 + 32?
41
In base 5, what is -4 - -41?
32
In base 12, what is -108 - 48?
-154
In base 13, what is 0 - -173?
173
In base 2, what is 101 + -1111110?
-1111001
In base 10, what is -3 + -224?
-227
In base 8, what is -175 - 3?
-200
In base 15, what is 41b + 4?
420
In base 6, what is 2424 + -5?
2415
In base 12, what is 66 - -3a?
a4
In base 5, what is -10 + -1040?
-1100
In base 9, what is -10 - -123?
113
In base 9, what is -11 + -32?
-43
In base 11, what is -77 + -23?
-9a
In base 2, what is 1110 - 11000110?
-10111000
In base 3, what is -11 + 11220222?
11220211
In base 3, what is 110012 - 0?
110012
In base 8, what is -175 + 51?
-124
In base 13, what is 98 - 3?
95
In base 15, what is 13b - 8d?
9d
In base 13, what is -5 + -6?
-b
In base 14, what is -5 + -a2?
-a7
In base 12, what is aa + -4?
a6
In base 3, what is 112 - 22012?
-21200
In base 6, what is -11 - -342?
331
In base 4, what is 3 - -121323?
121332
In base 4, what is 13 - 233?
-220
In base 14, what is -3 - -31c?
319
In base 3, what is -202 - 0?
-202
In base 11, what is 175 - -10?
185
In base 12, what is -80 + -9?
-89
In base 5, what is -2 + 2003?
2001
In base 14, what is 21a5 - -2?
21a7
In base 2, what is -10100101 + -10?
-10100111
In base 16, what is -2b - 8?
-33
In base 14, what is -657 - -5?
-652
In base 14, what is -2 + 4b?
49
In base 16, what is cca + -4?
cc6
In base 11, what is 19 + 110?
129
In base 16, what is 26a + -2?
268
In base 5, what is 34 - 1023?
-434
In base 11, what is 0 + 4300?
4300
In base 7, what is -1 - 1?
-2
In base 7, what is 6 - -400?
406
In base 16, what is 2 + 20?
22
In base 11, what is -3 - 54?
-57
In base 11, what is 152 + 1?
153
In base 16, what is a + -6?
4
In base 11, what is -28a + 1?
-289
In base 15, what is -a - -60?
55
In base 8, what is -113 - -12?
-101
In base 5, what is -1 + 21113?
21112
In base 3, what is 1001010 + 0?
1001010
In base 9, what is -206 - 2?
-208
In base 7, what is 13 + 13?
26
In base 5, what is 212 + 343?
1110
In base 11, what is 350 - 3?
348
In base 7, what is -5212 + 0?
-5212
In base 15, what is 0 - 22d9?
-22d9
In base 9, what is -40 - 78?
-128
In base 8, what is -4703 + 2?
-4701
In base 2, what is 1 - 110011101111?
-110011101110
In base 5, what is -2 + 31?
24
In base 9, what is 2 + -14?
-12
In base 4, what is 2 - 21222?
-21220
In base 2, what is 10000 - -1001000?
1011000
In base 9, what is -34 - 5?
-40
In base 2, what is -11110011 - 0?
-11110011
In base 13, what is 75 + 5?
7a
In base 14, what is 77 + -5?
72
In base 14, what is 230b - -5?
2312
In base 5, what is -311 - 302?
-1113
In base 2, what is 1010101101 + 11?
1010110000
In base 16, what is 38 - -5?
3d
In base 9, what is 21 - 118?
-87
In base 15, what is -74 - 1?
-75
In base 6, what is 13 - -24?
41
In base 14, what is -d + -17?
-26
In base 13, what is -7 + 16?
c
In base 3, what is 1110 + 1?
1111
In base 2, what is -1011111110 - -1000?
-1011110110
In base 4, what is -2120 + 120?
-2000
In base 12, what is -6 - -15?
b
In base 14, what is 45d + -10?
44d
In base 7, what is 5 + 34?
42
In base 7, what is 5 - 25512?
-25504
In base 3, what is -21222 - 210?
-22202
In base 9, what is -27 + -126?
-154
In base 14, what is 2 - -195?
197
In base 12, what is -2b9 + -6?
-303
In base 15, what is 333 + -1?
332
In base 16, what is b + -12?
-7
In base 11, what is 2 - -261?
263
In base 4, what is -1130 + 2?
-1122
In base 6, what is 15 - -4?
23
In base 11, what is -4 + 2926?
2922
In base 2, what is -1 + 11100101?
11100100
In base 2, what is 1010001 - 100?
1001101
In base 2, what is -1010 - 1100?
-10110
In base 2, what is -1 - 110000?
-110001
In base 6, what is 4 - -3?
11
In base 8, what is 23276 - -3?
23301
In base 15, what is -52 - -26?
-2b
In base 2, what is 100 + 1?
101
In base 3, what is -1210 + 1?
-1202
In base 15, what is 2 - -5b?
5d
In base 5, what is -2434 - -4?
-2430
In base 13, what is 3 - a1?
-9b
In base 15, what is -4 - 41?
-45
In base 5, what is 1002 - -32?
1034
In base 12, what is 5497 + 3?
549a
In base 9, what is 16410 - -1?
16411
In base 6, what is -4 + 134?
130
In base 5, what is 4 - -4222?
4231
In base 15, what is 7 - b?
-4
In base 5, what is 44340 + 10?
44400
In base 3, what is -1121 - 12?
-1210
In base 15, what is 6 - 64?
-5d
In base 8, what is -67 + -6?
-75
In base 3, what is 10122 - -10100?
20222
In base 12, what is -10 + -144?
-154
In base 7, what is 1051 - 12?
1036
In base 3, what is 122 + -1021?
-122
In base 9, what is -5561 - -3?
-5557
In base 9, what is -7 + -5778?
-5786
In base 15, what is 24 - 57?
-33
In base 15, what is -a - 3?
-d
In base 4, what is -3 + -30?
-33
In base 6, what is -2 - -3340?
3334
In base 4, what is 2 + 220010?
220012
In base 3, what is 111121121 - 0?
111121121
In base 5, what is -4 + -3242?
-3301
In base 15, what is 21d - -3?
221
In base 9, what is 4 + 637?
642
In base 3, what is -22 - -210122?
210100
In base 5, what is 3 - 32042?
-32034
In base 8, what is -12233 - 4?
-12237
In base 8, what is 243 + -4?
237
In base 2, what is 10000 + -110011?
-100011
In base 7, what is -3331 + 2?
-3326
In base 6, what is 544 + 3?
551
In base 5, what is 40 + -4?
31
In base 6, what is -3 + 132?
125
In base 15, what is 4 - -15a?
15e
In base 11, what is -15 - -5?
-10
In base 4, what is 10 + -122?
-112
In base 7, what is 12 + -115?
-103
In base 15, what is -3 - -48?
45
In base 2, what is -10 + 11000110100?
11000110010
In base 13, what is 569 - 2?
567
In base 5, what is 1 + 1?
2
In base 10, what is 468 + -1?
467
In base 14, what is 23 - -2?
25
In base 5, what is -22123 + 2?
-22121
In base 14, what is d57 - 3?
d54
In base 6, what is 312 - -13?
325
In base 15, what is 27 + 1?
28
In base 10, what is 4 + -60?
-56
In base 8, what is 156 + 73?
251
In base 3, what is -12 - 212?
-1001
In base 14, what is 7 - 5?
2
In base 13, what is 4 - -14?
18
In base 15, what is -6 - -3d?
37
In base 7, what is -423 + -3?
-426
In base 8, what is 0 - 32?
-32
In base 15, what is -1 - -b?
a
In base 13, what is -92 - -78?
-17
In base 14, what is -34 - -3?
-31
In base 6, what is -55 + 54?
-1
In base 11, what is -6 + -8?
-13
In base 7, what is 3 + 1533?
1536
In base 7, what is -2262 - 1?
-2263
In base 14, what is -1137 - 5?
-113c
In base 5, what is 42 - 43?
-1
In base 4, what is 102 + 3022?
3130
In base 3, what is -2 - -1212011?
1212002
In base 8, what is 2 - 6?
-4
In base 5, what is -23213 - 4?
-23222
In base 13, what is 13 + 3?
16
In base 15, what is -563 + -4?
-567
In base 11, what is -3 + -1a96?
-1a99
In base 16, what is 2 - aa3?
-aa1
In base 9, what is -38 + -67?
-116
In base 13, what is -3 - 153?
-156
In base 3, what is 2010 + 2?
2012
In base 12, what is -4 + -3?
-7
In base 10, what is 2 + -1083?
-1081
In base 7, what is 264 - -124?
421
In base 11, what is -163 + 5?
-159
In base 2, what is 10 + 111001?
111011
In base 8, what is 154 - -635?
1011
In base 11, what is -9 - 65a?
-668
In base 15, what is -6 + -7?
-d
In base 7, what is 1 - -136?
140
In base 5, what is -10 + -120?
-130
In base 16, what is 1f6 + 0?
1f6
In base 11, what is -110 - 4?
-114
In base 8, what is 1 - 207?
-206
In base 12, what is -14 + -121?
-135
In base 10, what is 284 + 1?
285
In base 13, what is 1 + 6?
7
In base 10, what is -41 - -15?
-26
In base 3, what is 111 - -100?
211
In base 15, what is e + 2ba?
2c9
In base 6, what is -530 + -2?
-532
In base 8, what is -5 + 356?
351
In base 2, what is 101 + 10001?
10110
In base 16, what is -e1 + -1?
-e2
In base 6, what is 212 - 2?
210
In base 2, what is -11 + 100101000?
1